{"id":242,"date":"2011-11-18T12:47:41","date_gmt":"2011-11-18T12:47:41","guid":{"rendered":"http:\/\/www.dolni-cermna.cz\/?page_id=242"},"modified":"2026-08-27T10:22:26","modified_gmt":"2026-08-27T08:22:26","slug":"svp","status":"publish","type":"page","link":"https:\/\/dolni-cermna.cz\/ms\/materska-skola\/svp\/","title":{"rendered":"Charakteristika \u0161koln\u00edho vzd\u011bl\u00e1vac\u00edho programu"},"content":{"rendered":"\n<p>\u0160koln\u00ed vzd\u011bl\u00e1vac\u00ed program jsme nazvali: \u201eSlunce jde oblohou, i kdy\u017e je bez nohou\u201c. Vych\u00e1z\u00ed z&nbsp;R\u00e1mcov\u00e9ho vzd\u011bl\u00e1vac\u00edho programu pro p\u0159ed\u0161koln\u00ed vzd\u011bl\u00e1v\u00e1n\u00ed (RVP PV). Na jeho vypracov\u00e1n\u00ed se pod\u00edlel cel\u00fd kolektiv.<\/p>\n\n\n\n<p>Filosofi\u00ed na\u0161\u00ed \u0161koly je rozv\u00edjet samostatn\u00e9 a zdrav\u011b sebev\u011bdom\u00e9 d\u011bti cestou p\u0159irozen\u00e9 v\u00fdchovy, polo\u017eit z\u00e1klady celo\u017eivotn\u00edho vzd\u011bl\u00e1v\u00e1n\u00ed v\u0161em d\u011btem podle jejich mo\u017enost\u00ed, z\u00e1jm\u016f a pot\u0159eb, nad\u00e1le rozv\u00edjet p\u00e9\u010di o d\u011bti se specifick\u00fdmi pot\u0159ebami a pomoci jim s&nbsp;integrac\u00ed do spole\u010dnosti.<\/p>\n\n\n\n<h5 class=\"wp-block-heading\">Vzhledem k&nbsp;tomu, \u017ee na\u0161e M\u0160 se nach\u00e1z\u00ed na vesnici, chceme vyu\u017e\u00edvat podm\u00ednek, kter\u00e9 se v&nbsp;okol\u00ed M\u0160 nach\u00e1zej\u00ed. Cel\u00fd program na\u0161\u00ed spole\u010dn\u00e9 pr\u00e1ce (jak u\u017e napov\u00edd\u00e1 n\u00e1zev) se odv\u00edj\u00ed od \u010dtvera ro\u010dn\u00edch obdob\u00ed, jejich\u017e charakteristick\u00e9 rysy jsme zakomponovali do jednotliv\u00fdch integrovan\u00fdch blok\u016f. D\u00edl\u010d\u00ed c\u00edle z&nbsp;RVP PV jsme rozpracovali do jednotliv\u00fdch podt\u00e9mat tak, aby byly pln\u011bny v&nbsp;pr\u016fb\u011bhu roku v\u0161echny d\u00edl\u010d\u00ed c\u00edle ze v\u0161ech p\u011bti oblast\u00ed, tj. v oblasti biologick\u00e9, psychologick\u00e9, interperson\u00e1ln\u00ed, soci\u00e1ln\u011b-kulturn\u00ed a enviroment\u00e1ln\u00ed, a byly dosa\u017eeny o\u010dek\u00e1van\u00e9 kompetence.<\/h5>\n\n\n\n<p>C\u00edlem \u010dinnosti \u0161koly je cesta za vy\u0161\u0161\u00ed kvalitou.<\/p>\n\n\n\n<p><a href=\"https:\/\/dolni-cermna.cz\/ms\/materska-skola\/dokumenty-skoly\/\" data-type=\"link\" data-id=\"https:\/\/dolni-cermna.cz\/ms\/materska-skola\/dokumenty-skoly\/\">Odkaz na dokumenty \u0161koly<\/a><\/p>\n","protected":false},"excerpt":{"rendered":"<p>\u0160koln\u00ed vzd\u011bl\u00e1vac\u00ed program jsme nazvali: \u201eSlunce jde oblohou, i kdy\u017e je bez nohou\u201c. Vych\u00e1z\u00ed z&nbsp;R\u00e1mcov\u00e9ho vzd\u011bl\u00e1vac\u00edho programu pro p\u0159ed\u0161koln\u00ed vzd\u011bl\u00e1v\u00e1n\u00ed (RVP PV). Na jeho vypracov\u00e1n\u00ed se pod\u00edlel cel\u00fd kolektiv. Filosofi\u00ed na\u0161\u00ed \u0161koly je rozv\u00edjet samostatn\u00e9 a zdrav\u011b sebev\u011bdom\u00e9 d\u011bti cestou &hellip; <a class=\"read-more\" href=\"https:\/\/dolni-cermna.cz\/ms\/materska-skola\/svp\/\" >\u010c\u00edst d\u00e1le&#8230;<\/a><\/p>\n","protected":false},"author":32,"featured_media":0,"parent":233,"menu_order":0,"comment_status":"closed","ping_status":"closed","template":"","meta":{"footnotes":""},"_links":{"self":[{"href":"https:\/\/dolni-cermna.cz\/ms\/wp-json\/wp\/v2\/pages\/242"}],"collection":[{"href":"https:\/\/dolni-cermna.cz\/ms\/wp-json\/wp\/v2\/pages"}],"about":[{"href":"https:\/\/dolni-cermna.cz\/ms\/wp-json\/wp\/v2\/types\/page"}],"author":[{"embeddable":true,"href":"https:\/\/dolni-cermna.cz\/ms\/wp-json\/wp\/v2\/users\/32"}],"replies":[{"embeddable":true,"href":"https:\/\/dolni-cermna.cz\/ms\/wp-json\/wp\/v2\/comments?post=242"}],"version-history":[{"count":2,"href":"https:\/\/dolni-cermna.cz\/ms\/wp-json\/wp\/v2\/pages\/242\/revisions"}],"predecessor-version":[{"id":38589,"href":"https:\/\/dolni-cermna.cz\/ms\/wp-json\/wp\/v2\/pages\/242\/revisions\/38589"}],"up":[{"embeddable":true,"href":"https:\/\/dolni-cermna.cz\/ms\/wp-json\/wp\/v2\/pages\/233"}],"wp:attachment":[{"href":"https:\/\/dolni-cermna.cz\/ms\/wp-json\/wp\/v2\/media?parent=242"}],"curies":[{"name":"wp","href":"https:\/\/api.w.org\/{rel}","templated":true}]}}

Charakteristika školního vzdělávacího programu

<p>Školní vzdělávací program jsme nazvali: „Slunce jde oblohou, i když je bez nohou“. Vychází z&nbsp;Rámcového vzdělávacího programu pro předškolní vzdělávání (RVP PV). Na jeho vypracování se podílel celý kolektiv.</p>



<p>Filosofií naší školy je rozvíjet samostatné a zdravě sebevědomé děti cestou přirozené výchovy, položit základy celoživotního vzdělávání všem dětem podle jejich možností, zájmů a potřeb, nadále rozvíjet péči o děti se specifickými potřebami a pomoci jim s&nbsp;integrací do společnosti.</p>



<h5 class="wp-block-heading">Vzhledem k&nbsp;tomu, že naše MŠ se nachází na vesnici, chceme využívat podmínek, které se v&nbsp;okolí MŠ nacházejí. Celý program naší společné práce (jak už napovídá název) se odvíjí od čtvera ročních období, jejichž charakteristické rysy jsme zakomponovali do jednotlivých integrovaných bloků. Dílčí cíle z&nbsp;RVP PV jsme rozpracovali do jednotlivých podtémat tak, aby byly plněny v&nbsp;průběhu roku všechny dílčí cíle ze všech pěti oblastí, tj. v oblasti biologické, psychologické, interpersonální, sociálně-kulturní a enviromentální, a byly dosaženy očekávané kompetence.</h5>



<p>Cílem činnosti školy je cesta za vyšší kvalitou.</p>



<p><a href="https://dolni-cermna.cz/ms/materska-skola/dokumenty-skoly/" data-type="link" data-id="https://dolni-cermna.cz/ms/materska-skola/dokumenty-skoly/">Odkaz na dokumenty školy</a></p>

<p>Školní vzdělávací program jsme nazvali: „Slunce jde oblohou, i když je bez nohou“. Vychází z&nbsp;Rámcového vzdělávacího programu pro předškolní vzdělávání (RVP PV). Na jeho vypracování se podílel celý kolektiv. Filosofií naší školy je rozvíjet samostatné a zdravě sebevědomé děti cestou &hellip; <a class="read-more" href="https://dolni-cermna.cz/ms/materska-skola/svp/" >Číst dále&#8230;</a></p>
