{"id":1144,"date":"2018-09-04T19:10:24","date_gmt":"2018-09-04T17:10:24","guid":{"rendered":"http:\/\/www.dolni-cermna.cz\/?page_id=1144"},"modified":"2026-09-03T12:45:44","modified_gmt":"2026-09-03T10:45:44","slug":"planovane-akce-materske-skoly-ve-skolnim-roce-2011-2012","status":"publish","type":"page","link":"https:\/\/dolni-cermna.cz\/ms\/materska-skola\/planovane-akce-materske-skoly-ve-skolnim-roce-2011-2012\/","title":{"rendered":"Pl\u00e1novan\u00e9 akce mate\u0159sk\u00e9 \u0161koly ve \u0161koln\u00edm roce 2025 &#8211; 2026"},"content":{"rendered":"<p align=\"center\"><span style=\"font-family: Times New Roman, serif;\"><span style=\"font-size: xx-large;\"><b>AKCE NA M\u011aS\u00cdC Z\u00c1\u0158\u00cd<\/b><\/span><\/span><\/p>\n<ul>\n<li>\n<p align=\"left\"><span style=\"font-family: Times New Roman, serif;\"><span style=\"font-size: large;\"><b>sezn\u00e1men\u00ed se s prost\u0159ed\u00edm M\u0160, navazov\u00e1n\u00ed nov\u00fdch kontakt\u016f s vrstevn\u00edky, formov\u00e1n\u00ed pravidel chov\u00e1n\u00ed a vz\u00e1jemn\u00fdch vztah\u016f ve t\u0159\u00edd\u011b<\/b><\/span><\/span><\/p>\n<\/li>\n<\/ul>\n<ul>\n<li>9. 9.\u00a0 Dru\u017estevn\u00ed slavnosti \u017dichl\u00ednek<\/li>\n<li>14. &#8211; 18. 9. Malov\u00e1n\u00ed na chodn\u00edky &#8211; dle po\u010das\u00ed<\/li>\n<li>23. 9. Divadeln\u00ed p\u0159edstaven\u00ed O princezn\u011b, kter\u00e1 r\u00e1\u010dkovala &#8211; L\u00b4Art, p\u0159ed\u0161kol\u00e1ci<\/li>\n<\/ul>\n<p>Odpov\u011bdnost za organizaci akc\u00ed maj\u00ed zam\u011bstnanci mate\u0159sk\u00e9 \u0161koly.<\/p>\n\n\n<p><\/p>\n","protected":false},"excerpt":{"rendered":"<p>AKCE NA M\u011aS\u00cdC Z\u00c1\u0158\u00cd sezn\u00e1men\u00ed se s prost\u0159ed\u00edm M\u0160, navazov\u00e1n\u00ed nov\u00fdch kontakt\u016f s vrstevn\u00edky, formov\u00e1n\u00ed pravidel chov\u00e1n\u00ed a vz\u00e1jemn\u00fdch vztah\u016f ve t\u0159\u00edd\u011b 9. 9.\u00a0 Dru\u017estevn\u00ed slavnosti \u017dichl\u00ednek 14. &#8211; 18. 9. Malov\u00e1n\u00ed na chodn\u00edky &#8211; dle po\u010das\u00ed 23. 9. Divadeln\u00ed &hellip; <a class=\"read-more\" href=\"https:\/\/dolni-cermna.cz\/ms\/materska-skola\/planovane-akce-materske-skoly-ve-skolnim-roce-2011-2012\/\" >\u010c\u00edst d\u00e1le&#8230;<\/a><\/p>\n","protected":false},"author":32,"featured_media":0,"parent":233,"menu_order":0,"comment_status":"closed","ping_status":"open","template":"","meta":{"footnotes":""},"_links":{"self":[{"href":"https:\/\/dolni-cermna.cz\/ms\/wp-json\/wp\/v2\/pages\/1144"}],"collection":[{"href":"https:\/\/dolni-cermna.cz\/ms\/wp-json\/wp\/v2\/pages"}],"about":[{"href":"https:\/\/dolni-cermna.cz\/ms\/wp-json\/wp\/v2\/types\/page"}],"author":[{"embeddable":true,"href":"https:\/\/dolni-cermna.cz\/ms\/wp-json\/wp\/v2\/users\/32"}],"replies":[{"embeddable":true,"href":"https:\/\/dolni-cermna.cz\/ms\/wp-json\/wp\/v2\/comments?post=1144"}],"version-history":[{"count":3,"href":"https:\/\/dolni-cermna.cz\/ms\/wp-json\/wp\/v2\/pages\/1144\/revisions"}],"predecessor-version":[{"id":38647,"href":"https:\/\/dolni-cermna.cz\/ms\/wp-json\/wp\/v2\/pages\/1144\/revisions\/38647"}],"up":[{"embeddable":true,"href":"https:\/\/dolni-cermna.cz\/ms\/wp-json\/wp\/v2\/pages\/233"}],"wp:attachment":[{"href":"https:\/\/dolni-cermna.cz\/ms\/wp-json\/wp\/v2\/media?parent=1144"}],"curies":[{"name":"wp","href":"https:\/\/api.w.org\/{rel}","templated":true}]}}

Plánované akce mateřské školy ve školním roce 2025 &#8211; 2026

<p align="center"><span style="font-family: Times New Roman, serif;"><span style="font-size: xx-large;"><b>AKCE NA MĚSÍC ZÁŘÍ</b></span></span></p>
<ul>
<li>
<p align="left"><span style="font-family: Times New Roman, serif;"><span style="font-size: large;"><b>seznámení se s prostředím MŠ, navazování nových kontaktů s vrstevníky, formování pravidel chování a vzájemných vztahů ve třídě</b></span></span></p>
</li>
</ul>
<ul>
<li>9. 9.  Družstevní slavnosti Žichlínek</li>
<li>14. &#8211; 18. 9. Malování na chodníky &#8211; dle počasí</li>
<li>23. 9. Divadelní představení O princezně, která ráčkovala &#8211; L´Art, předškoláci</li>
</ul>
<p>Odpovědnost za organizaci akcí mají zaměstnanci mateřské školy.</p>


<p></p>

<p>AKCE NA MĚSÍC ZÁŘÍ seznámení se s prostředím MŠ, navazování nových kontaktů s vrstevníky, formování pravidel chování a vzájemných vztahů ve třídě 9. 9.  Družstevní slavnosti Žichlínek 14. &#8211; 18. 9. Malování na chodníky &#8211; dle počasí 23. 9. Divadelní &hellip; <a class="read-more" href="https://dolni-cermna.cz/ms/materska-skola/planovane-akce-materske-skoly-ve-skolnim-roce-2011-2012/" >Číst dále&#8230;</a></p>
